Suppose 0 = -4*o - 5*f + 1483 + w, -4*f = 3*o - 1637. What are the prime factors of o?
3, 181
Let l = 14666 - -7490. List the prime factors of l.
2, 29, 191
Suppose 2 = 9*f - 8*f. Suppose -5*w - 98 = 4*p - 1479, -707 = -f*p + 3*w. List the prime factors of p.
349
Suppose -3*z + 5*u = -11, 2*z + 2*u - 6 + 4 = 0. Suppose 3*b - 4*b = -3*h - 104, -5*b + z*h = -559. Let r = b - -53. What are the prime factors of r?
2, 83
Let k be (-4 - (-6 - (-3 + 0))) + 83. Let h be k + (-4)/(-3 + 2). Suppose -2*x - 5*z = -6*z - h, 0 = -x + z + 43. What are the prime factors of x?
43
Let h(u) = 3*u + 3. Suppose 0 = 4*n - 5*b + 4*b - 2, -5*b - 10 = 5*n. Let k be h(n). Let r(j) = 4*j**2 + 5*j - 3. What are the prime factors of r(k)?
2, 3
Let p = 2677 - 1830. What are the prime factors of p?
7, 11
Let u = 190 + 240. Let c = u - 239. List the prime factors of c/5 + (-2)/10.
2, 19
Let x(r) = r**3 + 14*r**2 - 4*r + 34. Let j be x(-14). Suppose 2*i = -5*z + 98, 3*i - i = -z + j. Let o = -5 + i. What are the prime factors of o?
3, 13
Suppose -m = 3*u - 16563, 42*m - 40*m - u = 33140. What are the prime factors of m?
3, 7, 263
Let g(p) = p - 21. Let u be g(15). Let l = -100 + u. Let j = l + 125. List the prime factors of j.
19
Let l(j) = j**3 + 23*j**2 + 6*j + 32. Let q be l(-23). Suppose 4*i = -d - 128, -16 = -3*i - 3*d - 121. Let p = i - q. What are the prime factors of p?
3, 5
Let q = 53714 + 5301. List the prime factors of q.
5, 11, 29, 37
Suppose 4*d - 16 = 1268. Let z = d + -153. What are the prime factors of z?
2, 3, 7
Let r = 67 + -67. Suppose 0 = -j - 0*j + 3*p - 2, r = 2*j + 4*p - 16. Suppose j*d = -d + 215. What are the prime factors of d?
43
Let x(o) = -o - 2. Let a = 74 - 79. Let b be x(a). Suppose -b*n + 5*v + 305 = 0, -2*v - 415 = -5*n + 87. What are the prime factors of n?
2, 5
Suppose 2*y - 21196 = 3*d, -144*y = -148*y + 5*d + 42386. List the prime factors of y.
10589
Suppose 11*s = -4*s - 315. What are the prime factors of -9 + (-175)/s - 2336/(-3)?
2, 389
What are the prime factors of (-146889)/(-38) + 15/6?
2, 967
Let p(a) = -39*a + 6. Let i(j) = -j**3 - 4*j**2 - j + 1. Suppose 0 = 7*u - 2*u + 5. Let c be i(u). List the prime factors of p(c).
3, 5
Let f(w) be the first derivative of 19*w**5/6 + w**4/24 + w**3/6 - 5*w**2 - 9. Let j(r) be the second derivative of f(r). What are the prime factors of j(-1)?
2, 5, 19
List the prime factors of 238/(-204) - 93606/(-36).
23, 113
Let s(r) = 6*r**2 - 4*r - 5. Let h be s(-1). Suppose h*g - 11*g = -6. Let n(u) = 154*u**3 + 2*u**2 - u. What are the prime factors of n(g)?
5, 31
Suppose 8*x + 32 = 16*x. Let h(r) = 12*r**2 + r + 8. List the prime factors of h(x).
2, 3, 17
Let k = -49 + 49. Suppose -3*a + 36 = -k. Suppose -2*b + n + 21 = 0, 5*n = n + a. List the prime factors of b.
2, 3
Let r = 276 - 272. What are the prime factors of (-2)/(-44)*r - (-15348)/44?
349
Let k = 122 + -129. Let g be (4 + k - -4)*1. List the prime factors of (-109)/(-4)*g*(5 - 1).
109
Let x be 3 + -5 + 2*(-4834)/(-4). Suppose -3*c = -8*c + x. Suppose -3*f - 4*f = -c. What are the prime factors of f?
3, 23
Let v(f) = f + 40. Let o be v(21). Let y = 129 - o. What are the prime factors of y?
2, 17
Let m(l) = 14*l + 177. Let i(r) = -69*r - 886. Let o(y) = 2*i(y) + 11*m(y). What are the prime factors of o(26)?
3, 197
Suppose 380*z - 140*z = 7901040. What are the prime factors of z?
7, 4703
Let f be (8 - 4) + 85 + 3. Suppose f*h - 88*h = 16. Suppose -o + 76 = -b, 6*b + 299 = h*o + b. What are the prime factors of o?
3
Let a = -273 + 317. Suppose -186 = -2*w - a. What are the prime factors of w?
71
Let r(f) = -f**3 + 10*f**2 + 16*f + 9. Let i be r(7). Let g = 428 - i. Let m = g + -86. List the prime factors of m.
2, 37
Let q be 5/15 - (-24)/9. Let r be -4 + -1552 - q - (0 - -4). What are the prime factors of (-24)/9 + 3 + r/(-9)?
2, 3, 29
Suppose 0 = 2*h + 3*q - 7373, -18455 = -5*h + 97*q - 100*q. What are the prime factors of h?
2, 1847
Let n = -3070 - -13744. What are the prime factors of n?
2, 3, 593
Let f = 87 + -78. Suppose -f*t = 389 - 1451. Let s = t - 67. List the prime factors of s.
3, 17
What are the prime factors of 8 + (389 - (0 - -5))?
2, 7
Suppose 0 = -5*c - a + 127897 - 24431, -7*c - 2*a = -144850. List the prime factors of c.
2, 3, 3449
Let u be ((-9)/(-25 + -2))/((-1)/(-18)). Suppose u*p - 4393 = -17*p. What are the prime factors of p?
191
What are the prime factors of ((-73060)/6)/(1/3 + -1)?
5, 13, 281
What are the prime factors of (-6982)/(-2)*63/(315/10)?
2, 3491
Suppose -140*x - 148503 = -11956 - 2070227. List the prime factors of x.
2, 3, 1151
Let a(v) = -3*v**3 + 106*v**2 + 176*v - 65. List the prime factors of a(32).
3, 11, 479
Suppose -4*g - 1752 = -4952. Let u = -425 + g. List the prime factors of u.
3, 5
Let x(m) = -5*m**2 + 56*m - 6. Let i be x(11). Suppose -i*c = -0*c + 10, 0 = 5*o - 4*c - 843. What are the prime factors of o?
167
Suppose 0 = -5*y + 10*y + 5, 4*a = -y + 78547. What are the prime factors of a?
73, 269
Let c = 1889 - 1453. What are the prime factors of c?
2, 109
Suppose 1493 = 2*s - 3177. Let q = s + -1080. List the prime factors of q.
5, 251
Let a = 106 + -102. Suppose a*m + 4*d = 1044, 2*m + 3*m + d = 1305. What are the prime factors of m?
3, 29
Suppose 5*p - 145521 = -1690*u + 1692*u, -58221 = -2*p + 5*u. What are the prime factors of p?
3, 89, 109
Suppose 95*r = 79*r + 71456. List the prime factors of r.
2, 7, 11, 29
Suppose -14*x = -8*x - 24. Suppose 0 = -5*g + 5*j + 30, -28 - 5 = -5*g + x*j. Suppose -f + 49 = g. What are the prime factors of f?
2, 5
Let j(o) = 6*o**2 - 15*o + 10. Suppose 4*z = 6 + 18. Let a be j(z). Suppose -4*u + i = -3*i - a, 0 = 2*u + i - 53. What are the prime factors of u?
29
Suppose -4*z = -0*f + f + 12, 4*f + 2*z = 8. Suppose 370 = f*r - i - 3083, 3*r = 2*i + 2586. Suppose -2*u + r = 7*u. What are the prime factors of u?
2, 3
Let u(v) = -v**3 + v**2 + v + 3. Let g be u(0). Suppose -7*z - 3*w = -3*z, -12 = g*w. What are the prime factors of -1 + 144/4 + z?
2, 19
List the prime factors of 13/((-26)/(-4847))*6.
3, 37, 131
Let x = -9027 - -15049. List the prime factors of x.
2, 3011
Let p(o) = -7*o - 24. Let b(h) = -h**3 - 6*h**2 - 5*h + 12. Let a be b(-5). Let g = a + -22. What are the prime factors of p(g)?
2, 23
Suppose 0 = 3*b - 2*n - 205, 11*n - 6*n = 5. What are the prime factors of (-8579)/b*(0 + -3)?
373
Let g = -2121 + 531. Let m be g + 6/(2/1). What are the prime factors of m/(-27) + (-10)/(-45)?
59
Suppose -9*w = 66 - 29631. List the prime factors of w.
3, 5, 73
Suppose z + 3*j + 3 = 5*j, 55 = 5*z + 4*j. Suppose -10845 = z*a - 22*a. List the prime factors of a.
3, 241
Let f(j) = j**3 + 10*j**2 - 3*j + 12. Let i(d) = 2*d + 24. Let v be i(-17). Let q be f(v). What are the prime factors of 1/((-82)/q + 2*1)?
3, 7
Suppose 221*q - 807044 = 73*q. List the prime factors of q.
7, 19, 41
Let s(l) = -l**3 + 11*l**2 - 8*l - 11. Let c be s(10). Let t(v) = -327*v**2 - c*v**3 - 4*v + 323*v**2 + 2*v**3 + 2 - 6. List the prime factors of t(-2).
2, 11
Let m be -8 + 3 + -1 + 6. Suppose -5*y + 13*a - 10*a + 7527 = m, 4*y + 2*a = 6026. List the prime factors of y.
2, 3, 251
List the prime factors of 4/(-58) + (-15934887)/(-783).
47, 433
Let s be (-224)/(-70) + 4/5 + -1. Suppose 0 = h - 3*h. Suppose -s*z + 5*g + 147 = h, 4*z + 0*z + 5*g - 231 = 0. List the prime factors of z.
2, 3
Let x = -152 + 155. Suppose x*i = -7*f + 5*f + 490, -i = -2*f + 506. What are the prime factors of f?
251
Suppose -2*o + 3*o - 1 = 0, 5*c + 2*o = 12. Suppose c*y - 1268 = 5*g, -11*y = -16*y + 3*g + 3189. What are the prime factors of y?
3, 71
Let x(a) = -a**3 + 73*a**2 - 346*a + 224. List the prime factors of x(62).
2, 7, 47
Suppose -3*f = -6, 43*k = 41*k + 2*f + 21024. Suppose 2*d = 5*x - 8188, -k = -5*x + 3*d - 2322. List the prime factors of x.
2, 409
List the prime factors of -2 - -7*(7 - -170).
1237
Let h(i) = 0*i - 143 + 139 - i. Let j be h(-2). What are the prime factors of 213*j*((-4)/1)/12?
2, 71
Let w(h) = -4 - 9*h + 15 - 37*h**2 + 52*h**2 + 0 + h**3. What are the prime factors of w(-14)?
3, 37
Suppose 0 = -5*o + 9*o + 16. Let t(q) = -76*q - 3. Let i be t(o). Let g = i - 207. What are the prime factors of g?
2, 47
Suppose -4*f = -2*m + f + 11292, 0 = -m - 2*f + 5628. What are the prime factors of m